
What is the ten millions digit of 41121008?
4
What is the ten thousands digit of 22773817?
7
What is the tens digit of 1291273314?
1
What is the ten thousands digit of 104782439?
8
What is the thousands digit of 10733609?
3
What is the tens digit of 168720967?
6
What is the hundred thousands digit of 926890587?
8
What is the hundreds digit of 514917689?
6
What is the tens digit of 32722453?
5
What is the units digit of 5947340205?
5
What is the ten millions digit of 174197499?
7
What is the hundreds digit of 58610722?
7
What is the thousands digit of 77519282?
9
What is the tens digit of 36717926?
2
What is the ten thousands digit of 195201816?
0
What is the hundreds digit of 1199818049?
0
What is the hundreds digit of 2949423998?
9
What is the units digit of 2201969680?
0
What is the ten thousands digit of 4542574249?
7
What is the tens digit of 2691030663?
6
What is the hundreds digit of 64937756?
7
What is the hundreds digit of 140161517?
5
What is the units digit of 291904504?
4
What is the millions digit of 39426237?
9
What is the units digit of 315687783?
3
What is the hundred millions digit of 6636371117?
6
What is the units digit of 56059504?
4
What is the hundreds digit of 97995399?
3
What is the hundred thousands digit of 194944410?
9
What is the millions digit of 10449943?
0
What is the tens digit of 503420151?
5
What is the hundreds digit of 41381990?
9
What is the hundred millions digit of 1537751111?
5
What is the thousands digit of 400759461?
9
What is the hundred thousands digit of 161998914?
9
What is the millions digit of 119391220?
9
What is the hundred millions digit of 104816624?
1
What is the ten millions digit of 540323714?
4
What is the units digit of 9114096?
6
What is the ten thousands digit of 2645866755?
6
What is the units digit of 66515218?
8
What is the ten millions digit of 272025635?
7
What is the thousands digit of 318140970?
0
What is the ten thousands digit of 397067724?
6
What is the ten thousands digit of 3901559743?
5
What is the units digit of 304653357?
7
What is the ten millions digit of 14401065?
1
What is the hundred thousands digit of 2599638679?
6
What is the thousands digit of 414311890?
1
What is the hundred millions digit of 194367794?
1
What is the hundred millions digit of 8530777779?
5
What is the ten millions digit of 1024463932?
2
What is the ten millions digit of 75848813?
7
What is the hundreds digit of 519316258?
2
What is the billions digit of 2446386506?
2
What is the hundreds digit of 135586613?
6
What is the millions digit of 43308136?
3
What is the hundred millions digit of 2422589297?
4
What is the hundred thousands digit of 14356822?
3
What is the millions digit of 3917817175?
7
What is the billions digit of 1564961408?
1
What is the units digit of 207611582?
2
What is the hundred thousands digit of 283683790?
6
What is the thousands digit of 169765119?
5
What is the hundred millions digit of 351496069?
3
What is the millions digit of 4457150462?
7
What is the thousands digit of 1852301806?
1
What is the ten millions digit of 260787133?
6
What is the units digit of 506844934?
4
What is the units digit of 57319530?
0
What is the hundred millions digit of 389852397?
3
What is the hundreds digit of 1693238652?
6
What is the ten millions digit of 216708338?
1
What is the hundred thousands digit of 201325692?
3
What is the units digit of 2485841636?
6
What is the units digit of 216430837?
7
What is the tens digit of 676348679?
7
What is the ten thousands digit of 887438103?
3
What is the tens digit of 1822638551?
5
What is the billions digit of 3534719990?
3
What is the hundred millions digit of 484876501?
4
What is the hundred thousands digit of 1093656775?
6
What is the hundred millions digit of 237305392?
2
What is the ten millions digit of 79466556?
7
What is the hundred thousands digit of 1555066?
5
What is the hundred thousands digit of 529309819?
3
What is the tens digit of 142396939?
3
What is the hundred thousands digit of 48003902?
0
What is the units digit of 418842360?
0
What is the millions digit of 25510784?
5
What is the billions digit of 3487227382?
3
What is the hundreds digit of 143882973?
9
What is the tens digit of 1190429820?
2
What is the millions digit of 257732214?
7
What is the hundreds digit of 440843538?
5
What is the hundreds digit of 60133361?
3
What is the hundred thousands digit of 46511716?
5
What is the ten thousands digit of 2127323347?
2
What is the units digit of 2721086434?
4
What is the thousands digit of 158741548?
1
What is the hundreds digit of 60367182?
1
What is the ten thousands digit of 59907951?
0
What is the hundreds digit of 31434916?
9
What is the hundreds digit of 1788628527?
5
What is the tens digit of 91247346?
4
What is the millions digit of 389449814?
9
What is the ten millions digit of 78713458?
7
What is the tens digit of 15367147?
4
What is the hundred thousands digit of 790778326?
7
What is the billions digit of 2859359981?
2
What is the hundred thousands digit of 89862738?
8
What is the hundreds digit of 128785074?
0
What is the millions digit of 7135521049?
5
What is the tens digit of 35789910?
1
What is the tens digit of 4334922651?
5
What is the ten millions digit of 39738143?
3
What is the hundreds digit of 107441746?
7
What is the ten millions digit of 75528657?
7
What is the ten thousands digit of 112553292?
5
What is the thousands digit of 653699176?
9
What is the ten thousands digit of 17396813?
9
What is the hundred thousands digit of 29357386?
3
What is the ten millions digit of 1657683975?
5
What is the hundred millions digit of 149444613?
1
What is the units digit of 2181682080?
0
What is the thousands digit of 5292065767?
5
What is the hundred millions digit of 4108496286?
1
What is the ten millions digit of 102553156?
0
What is the tens digit of 797395532?
3
What is the hundred millions digit of 957713410?
9
What is the millions digit of 300581769?
0
What is the tens digit of 36528985?
8
What is the thousands digit of 139404918?
4
What is the ten thousands digit of 65259658?
5
What is the ten millions digit of 237914765?
3
What is the ten thousands digit of 682733032?
3
What is the thousands digit of 110588074?
8
What is the ten thousands digit of 248248032?
4
What is the hundred thousands digit of 398758251?
7
What is the millions digit of 82237734?
2
What is the ten millions digit of 487653500?
8
What is the thousands digit of 3458151801?
1
What is the tens digit of 370911276?
7
What is the ten millions digit of 3626922417?
2
What is the units digit of 42561629?
9
What is the hundred thousands digit of 2863851274?
8
What is the hundred thousands digit of 2352267591?
2
What is the hundred millions digit of 4784615974?
7
What is the hundreds digit of 6637017116?
1
What is the tens digit of 77476065?
6
What is the millions digit of 121145345?
1
What is the ten millions digit of 4192344544?
9
What is the ten thousands digit of 1094647297?
4
What is the millions digit of 1291671107?
1
What is the thousands digit of 129563598?
3
What is the ten thousands digit of 65804952?
0
What is the tens digit of 889806465?
6
What is the hundreds digit of 170047204?
2
What is the hundred thousands digit of 70745722?
7
What is the ten thousands digit of 50476378?
7
What is the billions digit of 3001098362?
3
What is the hundred thousands digit of 8910636?
9
What is the hundred millions digit of 1065538909?
0
What is the tens digit of 2777033?
3
What is the ten millions digit of 288381605?
8
What is the ten millions digit of 2245175996?
4
What is the thousands digit of 166932535?
2
What is the hundreds digit of 16799838?
8
What is the ten millions digit of 231492588?
3
What is the ten thousands digit of 592793349?
9
What is the tens digit of 508742524?
2
What is the millions digit of 1495909910?
5
What is the hundred millions digit of 144739453?
1
What is the hundred millions digit of 225603674?
2
What is the ten millions digit of 91311214?
9
What is the ten millions digit of 1311204854?
1
What is the hundreds digit of 3561856675?
6
What is the units digit of 54352860?
0
What is the thousands digit of 444661741?
1
What is the hundred thousands digit of 6197359?
1
What is the units digit of 1244450352?
2
What is the millions di